r?
True
Is 1854373 a prime number?
True
Is 1284131 composite?
False
Is 821017 a composite number?
True
Is 3861709 a prime number?
True
Is 22305131 composite?
True
Is 1021847 a composite number?
True
Is 50841989 a composite number?
True
Is 937331 a composite number?
False
Is 191371 prime?
False
Is 5509919 prime?
True
Is 21406993 a prime number?
False
Is 330522587 composite?
False
Is 81741719 prime?
True
Is 89182549 composite?
True
Is 5879019 prime?
False
Is 20450159 composite?
True
Is 1670089 composite?
False
Is 37619 a composite number?
False
Is 967703 prime?
False
Is 231354011 prime?
False
Is 2459417 prime?
False
Is 16180841 composite?
False
Is 101784097 composite?
False
Is 1998163 prime?
False
Is 15490078 a composite number?
True
Is 254700791 a prime number?
True
Is 7923901 a composite number?
True
Is 3790349 a prime number?
True
Is 5643397 prime?
False
Is 310975513 a prime number?
False
Is 6082379 prime?
False
Is 348236079 composite?
True
Is 5115599 a prime number?
True
Is 157455659 a prime number?
True
Is 352574297 prime?
True
Is 408533 a prime number?
True
Is 33234119 a prime number?
True
Is 217546241 a composite number?
True
Is 415933 prime?
False
Is 94236829 composite?
False
Is 6785843 a prime number?
True
Is 122327993 a prime number?
True
Is 1548719 composite?
False
Is 3137087 a composite number?
False
Is 399600301 a composite number?
False
Is 508935853 composite?
False
Is 13939831 a prime number?
True
Is 1057753 a prime number?
True
Is 4391 a composite number?
False
Is 4227491 composite?
False
Is 45014287 composite?
True
Is 47521587 a prime number?
False
Is 723929 a prime number?
False
Is 2145093 prime?
False
Is 134447 prime?
False
Is 3018091 composite?
False
Is 11135161 prime?
True
Is 11838479 a composite number?
False
Is 20941913 a composite number?
False
Is 47238791 composite?
False
Is 47424719 a composite number?
False
Is 8270417 prime?
True
Is 60750259 composite?
False
Is 20206973 composite?
True
Is 13632907 composite?
True
Is 11785099 prime?
False
Is 5993941 a prime number?
True
Is 26825333 a prime number?
False
Is 8916419 prime?
True
Is 112225739 a composite number?
True
Is 4476239 composite?
True
Is 2254367 a composite number?
True
Is 5799401 composite?
False
Is 348937 prime?
True
Is 21088813 a composite number?
True
Is 52845041 a prime number?
False
Is 1137053 composite?
True
Is 4554733 prime?
True
Is 1257101 a composite number?
True
Is 3949883 a prime number?
False
Is 30898481 a composite number?
False
Is 730277443 a prime number?
False
Is 18564941 a prime number?
True
Is 39750661 composite?
False
Is 8017102 composite?
True
Is 3229417 a prime number?
False
Is 591287 a prime number?
True
Is 23775667 composite?
True
Is 1656827 prime?
True
Is 287222869 prime?
False
Is 1984247 a prime number?
True
Is 4566409 a composite number?
False
Is 2813353 a composite number?
False
Is 444253 composite?
False
Is 37488079 prime?
True
Is 2577733 a composite number?
False
Is 4049 a prime number?
True
Is 1208863 composite?
False
Is 9840539 composite?
False
Is 224551 prime?
False
Is 133405709 prime?
True
Is 5144861 a prime number?
False
Is 548478867 composite?
True
Is 288865 a prime number?
False
Is 15455689 a prime number?
False
Is 73049 a prime number?
False
Is 2667653 a composite number?
True
Is 466276433 composite?
True
Is 658789 prime?
False
Is 3029359 a prime number?
True
Is 1789427 prime?
True
Is 6150701 prime?
False
Is 11573893 a composite number?
True
Is 12673567 a composite number?
False
Is 56179867 a composite number?
True
Is 8657849 prime?
True
Is 10578457 a prime number?
True
Is 103809163 a prime number?
True
Is 25243481 a prime number?
True
Is 773749 composite?
True
Is 23308463 composite?
True
Is 86870023 prime?
False
Is 176217941 a composite number?
False
Is 228143 composite?
True
Is 2698163 composite?
True
Is 677302721 prime?
True
Is 512145559 a prime number?
True
Is 1010177969 composite?
False
Is 3320869 a prime number?
True
Is 124523377 a prime number?
False
Is 924079841 composite?
False
Is 43101295 composite?
True
Is 149315 composite?
True
Is 97213547 a composite number?
True
Is 6550741 composite?
False
Is 32076959 prime?
False
Is 117677 a prime number?
False
Is 853793 a composite number?
False
Is 30382085 a composite number?
True
Is 11710159 composite?
True
Is 2518759 a composite number?
False
Is 46226651 prime?
True
Is 14520362 a prime number?
False
Is 56103613 a prime number?
True
Is 29289257 composite?
False
Is 2268843 prime?
False
Is 448129 composite?
True
Is 5738761 a composite number?
True
Is 36668638 composite?
True
Is 1155821 a prime number?
True
Is 224900201 prime?
True
Is 6439 composite?
True
Is 11576989 a composite number?
False
Is 9549157 prime?
True
Is 409231381 prime?
False
Is 81763589 a composite number?
False
Is 5150993 a composite number?
True
Is 533272867 composite?
True
Is 602513 composite?
False
Is 11638973 a prime number?
True
Is 641105 a composite number?
True
Is 20541391 a prime number?
False
Is 5014133 a composite number?
True
Is 1232941 a composite number?
False
Is 24826241 a composite number?
True
Is 18898003 a composite number?
True
Is 10593263 composite?
False
Is 30354395 composite?
True
Is 198834439 prime?
True
Is 1829942 composite?
True
Is 5154014 composite?
True
Is 295635623 a composite number?
True
Is 68249749 composite?
False
Is 1462519 composite?
False
Is 27335809 a composite number?
False
Is 89139595 prime?
False
Is 7800479 a prime number?
True
Is 19543171 composite?
True
Is 24388987 prime?
False
Is 82021 prime?
True
Is 81218591 prime?
True
Is 47439617 composite?
False
Is 660762461 composite?
True
Is 58868951 a composite number?
False
Is 46778651 a composite number?
False
Is 4417789 a composite number?
True
Is 938386 composite?
True
Is 4714921 composite?
False
Is 219453893 a prime number?
True
Is 91201267 composite?
False
Is 97786511 composite?
False
Is 3262573 a composite number?
True
Is 50545279 composite?
False
Is 67555781 a composite number?
True
Is 237377323 a prime number?
False
Is 3170281 composite?
False
Is 11055113 prime?
True
Is 1005313019 composite?
False
Is 409893287 a composite number?
False
Is 2974234 a prime number?
False
Is 324089 prime?
True
Is 18787 a composite number?
False
Is 39165937 prime?
True
Is 18544163 prime?
False
Is 5702737 prime?
True
Is 104691071 a composite number?
False
Is 11608613 composite?
True
Is 244766059 a composite number?
True
Is 4213969 a prime number?
True
Is 87889723 composite?
False
Is 47949513 prime?
False
Is 21990179 composite?
False
Is 8824523 prime?
True
Is 110739439 prime?
True
Is 128180563 composite?
True
Is 2842189 a prime number?
False
Is 2127043 a composite number?
False
Is 954671 a prime number?
True
Is 53477591 composite?
True
Is 110418857 composite?
False
Is 290153099 a prime number?
False
Is 22379143 prime?
True
Is 24172303 a composite number?
True
Is 219735403 a composite number?
True
Is 23618117 composite?
True
Is 10936963 a composite number?
True
Is 469307 composite?
True
Is 14198311 composite?
False
Is 57168239 a prime number?
True
Is 36981271 a composite number?
False
Is 3120107 composite?
False
Is 2240437 prime?
False
Is 793547 prime?
True
Is 25534087 a prime number?
True
Is 14724093 composite?
True
Is 101935501 a prime number?
True
Is 1101109447 a prime number?
True
Is 52980247 prime?
False
Is 1546837 composite?
False
Is 171946471 composite?
False
Is 154515637 prime?
True
Is 71657319 prime?
False
Is 11732129 a composite number?
True
Is 5420563 a composite number?
True
Is 4138741 a composite number?
False
Is 385889 a prime number?
False
Is 3724487 prime?
False
Is 13420967 prime?
False
Is 231577 a composite number?
True
Is 18528529 composite?
False
Is 1254971 a composite number?
False
Is 75216257 a composite number?
False
Is 2091163 prime?
False
Is 612713 a composite number?
False
Is 12054985 a prime number?
False
Is 110261911 composite?
False
Is 40792337 a prime number?
False
Is 17021707 a prime number?
True
Is 15704753 a composite number?
True
Is 32225107 prime?
False
Is 4778947 a composite number?
True
Is 1053709 a prime number?
False
Is 14735407 a composite number?
False
Is 14807747 prime?
True
Is 21193877 prime?
False
Is 6786337 a prime number?
False
Is 93415687 composite?
False
Is 19933183 composite?
False
Is 256437073 a